{"id":16454,"date":"2025-03-05T17:06:38","date_gmt":"2025-03-05T16:06:38","guid":{"rendered":"https:\/\/lauraceramik.com\/producto\/talleres-de-cohesion-y-creatividad-con-arcilla-ceramica\/"},"modified":"2025-03-05T17:43:09","modified_gmt":"2025-03-05T16:43:09","slug":"talleres-de-cohesion-y-creatividad-con-arcilla-ceramica","status":"publish","type":"product","link":"https:\/\/lauraceramik.com\/es\/producto\/talleres-de-cohesion-y-creatividad-con-arcilla-ceramica\/","title":{"rendered":"Talleres de cohesi\u00f3n y creatividad con arcilla cer\u00e1mica"},"content":{"rendered":"<p><strong>Transforma tu equipo a trav\u00e9s del arte y la colaboraci\u00f3n. <\/strong>Quieres mejorar la cohesi\u00f3n y la comunicaci\u00f3n de tu equipo? Buscas una experiencia diferente, creativa y enriquecedora para tu empresa? A trav\u00e9s de la cer\u00e1mica i la arcilla, ofrecemos talleres dise\u00f1ados para fortalecer v\u00ednculos, estimular la creatividad y potenciar el trabajo en equipo en un ambiente distendido e inspirador.<\/p>\n<p><a href=\"https:\/\/lauraceramik.com\/es\/contacto\" target=\"_blank\" rel=\"noopener\">Para m\u00e1s informaci\u00f3n aqu\u00ed<\/a><\/p>\n","protected":false},"excerpt":{"rendered":"<p>Transforma tu equipo a trav\u00e9s del arte y la colaboraci\u00f3n. Quieres mejorar la cohesi\u00f3n y la comunicaci\u00f3n de tu equipo? Buscas una experiencia diferente, creativa y enriquecedora para tu empresa? A trav\u00e9s de la cer\u00e1mica i la arcilla, ofrecemos talleres dise\u00f1ados para fortalecer v\u00ednculos, estimular la creatividad y potenciar el trabajo en equipo en un [&hellip;]<\/p>\n","protected":false},"featured_media":16453,"template":"","meta":{"_acf_changed":false},"product_brand":[],"product_cat":[303,446],"product_tag":[],"class_list":{"0":"post-16454","1":"product","2":"type-product","3":"status-publish","4":"has-post-thumbnail","6":"product_cat-cursos-y-servicios","7":"product_cat-destacados","9":"first","10":"instock","11":"virtual","12":"taxable","13":"product-type-simple"},"acf":[],"yoast_head":"<!-- This site is optimized with the Yoast SEO plugin v26.8 - https:\/\/yoast.com\/product\/yoast-seo-wordpress\/ -->\n<title>Talleres de cohesi\u00f3n y creatividad con arcilla cer\u00e1mica - LauraCeramik<\/title>\n<meta name=\"robots\" content=\"index, follow, max-snippet:-1, max-image-preview:large, max-video-preview:-1\" \/>\n<link rel=\"canonical\" href=\"https:\/\/lauraceramik.com\/es\/producto\/talleres-de-cohesion-y-creatividad-con-arcilla-ceramica\/\" \/>\n<meta property=\"og:locale\" content=\"es_ES\" \/>\n<meta property=\"og:type\" content=\"article\" \/>\n<meta property=\"og:title\" content=\"Talleres de cohesi\u00f3n y creatividad con arcilla cer\u00e1mica - LauraCeramik\" \/>\n<meta property=\"og:description\" content=\"Transforma tu equipo a trav\u00e9s del arte y la colaboraci\u00f3n. Quieres mejorar la cohesi\u00f3n y la comunicaci\u00f3n de tu equipo? Buscas una experiencia diferente, creativa y enriquecedora para tu empresa? A trav\u00e9s de la cer\u00e1mica i la arcilla, ofrecemos talleres dise\u00f1ados para fortalecer v\u00ednculos, estimular la creatividad y potenciar el trabajo en equipo en un [&hellip;]\" \/>\n<meta property=\"og:url\" content=\"https:\/\/lauraceramik.com\/es\/producto\/talleres-de-cohesion-y-creatividad-con-arcilla-ceramica\/\" \/>\n<meta property=\"og:site_name\" content=\"LauraCeramik\" \/>\n<meta property=\"article:modified_time\" content=\"2025-03-05T16:43:09+00:00\" \/>\n<meta property=\"og:image\" content=\"http:\/\/lauraceramik.com\/wp-content\/uploads\/2025\/03\/taller-empreses-web.jpg\" \/>\n\t<meta property=\"og:image:width\" content=\"980\" \/>\n\t<meta property=\"og:image:height\" content=\"980\" \/>\n\t<meta property=\"og:image:type\" content=\"image\/jpeg\" \/>\n<meta name=\"twitter:card\" content=\"summary_large_image\" \/>\n<meta name=\"twitter:label1\" content=\"Tiempo de lectura\" \/>\n\t<meta name=\"twitter:data1\" content=\"1 minuto\" \/>\n<script type=\"application\/ld+json\" class=\"yoast-schema-graph\">{\"@context\":\"https:\/\/schema.org\",\"@graph\":[{\"@type\":\"WebPage\",\"@id\":\"https:\/\/lauraceramik.com\/es\/producto\/talleres-de-cohesion-y-creatividad-con-arcilla-ceramica\/\",\"url\":\"https:\/\/lauraceramik.com\/es\/producto\/talleres-de-cohesion-y-creatividad-con-arcilla-ceramica\/\",\"name\":\"Talleres de cohesi\u00f3n y creatividad con arcilla cer\u00e1mica - LauraCeramik\",\"isPartOf\":{\"@id\":\"https:\/\/lauraceramik.com\/es\/#website\"},\"primaryImageOfPage\":{\"@id\":\"https:\/\/lauraceramik.com\/es\/producto\/talleres-de-cohesion-y-creatividad-con-arcilla-ceramica\/#primaryimage\"},\"image\":{\"@id\":\"https:\/\/lauraceramik.com\/es\/producto\/talleres-de-cohesion-y-creatividad-con-arcilla-ceramica\/#primaryimage\"},\"thumbnailUrl\":\"https:\/\/lauraceramik.com\/wp-content\/uploads\/2025\/03\/taller-empreses-web.jpg\",\"datePublished\":\"2025-03-05T16:06:38+00:00\",\"dateModified\":\"2025-03-05T16:43:09+00:00\",\"breadcrumb\":{\"@id\":\"https:\/\/lauraceramik.com\/es\/producto\/talleres-de-cohesion-y-creatividad-con-arcilla-ceramica\/#breadcrumb\"},\"inLanguage\":\"es\",\"potentialAction\":[{\"@type\":\"ReadAction\",\"target\":[\"https:\/\/lauraceramik.com\/es\/producto\/talleres-de-cohesion-y-creatividad-con-arcilla-ceramica\/\"]}]},{\"@type\":\"ImageObject\",\"inLanguage\":\"es\",\"@id\":\"https:\/\/lauraceramik.com\/es\/producto\/talleres-de-cohesion-y-creatividad-con-arcilla-ceramica\/#primaryimage\",\"url\":\"https:\/\/lauraceramik.com\/wp-content\/uploads\/2025\/03\/taller-empreses-web.jpg\",\"contentUrl\":\"https:\/\/lauraceramik.com\/wp-content\/uploads\/2025\/03\/taller-empreses-web.jpg\",\"width\":980,\"height\":980},{\"@type\":\"BreadcrumbList\",\"@id\":\"https:\/\/lauraceramik.com\/es\/producto\/talleres-de-cohesion-y-creatividad-con-arcilla-ceramica\/#breadcrumb\",\"itemListElement\":[{\"@type\":\"ListItem\",\"position\":1,\"name\":\"Portada\",\"item\":\"https:\/\/lauraceramik.com\/es\/\"},{\"@type\":\"ListItem\",\"position\":2,\"name\":\"Talleres de cohesi\u00f3n y creatividad con arcilla cer\u00e1mica\"}]},{\"@type\":\"WebSite\",\"@id\":\"https:\/\/lauraceramik.com\/es\/#website\",\"url\":\"https:\/\/lauraceramik.com\/es\/\",\"name\":\"LauraCeramik\",\"description\":\"P\u00e0gina web de ceramica art\u00edstica i escultoria de Laura Niub\u00f3. Barcelona\",\"potentialAction\":[{\"@type\":\"SearchAction\",\"target\":{\"@type\":\"EntryPoint\",\"urlTemplate\":\"https:\/\/lauraceramik.com\/es\/?s={search_term_string}\"},\"query-input\":{\"@type\":\"PropertyValueSpecification\",\"valueRequired\":true,\"valueName\":\"search_term_string\"}}],\"inLanguage\":\"es\"}]}<\/script>\n<!-- \/ Yoast SEO plugin. -->","yoast_head_json":{"title":"Talleres de cohesi\u00f3n y creatividad con arcilla cer\u00e1mica - LauraCeramik","robots":{"index":"index","follow":"follow","max-snippet":"max-snippet:-1","max-image-preview":"max-image-preview:large","max-video-preview":"max-video-preview:-1"},"canonical":"https:\/\/lauraceramik.com\/es\/producto\/talleres-de-cohesion-y-creatividad-con-arcilla-ceramica\/","og_locale":"es_ES","og_type":"article","og_title":"Talleres de cohesi\u00f3n y creatividad con arcilla cer\u00e1mica - LauraCeramik","og_description":"Transforma tu equipo a trav\u00e9s del arte y la colaboraci\u00f3n. Quieres mejorar la cohesi\u00f3n y la comunicaci\u00f3n de tu equipo? Buscas una experiencia diferente, creativa y enriquecedora para tu empresa? A trav\u00e9s de la cer\u00e1mica i la arcilla, ofrecemos talleres dise\u00f1ados para fortalecer v\u00ednculos, estimular la creatividad y potenciar el trabajo en equipo en un [&hellip;]","og_url":"https:\/\/lauraceramik.com\/es\/producto\/talleres-de-cohesion-y-creatividad-con-arcilla-ceramica\/","og_site_name":"LauraCeramik","article_modified_time":"2025-03-05T16:43:09+00:00","og_image":[{"width":980,"height":980,"url":"http:\/\/lauraceramik.com\/wp-content\/uploads\/2025\/03\/taller-empreses-web.jpg","type":"image\/jpeg"}],"twitter_card":"summary_large_image","twitter_misc":{"Tiempo de lectura":"1 minuto"},"schema":{"@context":"https:\/\/schema.org","@graph":[{"@type":"WebPage","@id":"https:\/\/lauraceramik.com\/es\/producto\/talleres-de-cohesion-y-creatividad-con-arcilla-ceramica\/","url":"https:\/\/lauraceramik.com\/es\/producto\/talleres-de-cohesion-y-creatividad-con-arcilla-ceramica\/","name":"Talleres de cohesi\u00f3n y creatividad con arcilla cer\u00e1mica - LauraCeramik","isPartOf":{"@id":"https:\/\/lauraceramik.com\/es\/#website"},"primaryImageOfPage":{"@id":"https:\/\/lauraceramik.com\/es\/producto\/talleres-de-cohesion-y-creatividad-con-arcilla-ceramica\/#primaryimage"},"image":{"@id":"https:\/\/lauraceramik.com\/es\/producto\/talleres-de-cohesion-y-creatividad-con-arcilla-ceramica\/#primaryimage"},"thumbnailUrl":"https:\/\/lauraceramik.com\/wp-content\/uploads\/2025\/03\/taller-empreses-web.jpg","datePublished":"2025-03-05T16:06:38+00:00","dateModified":"2025-03-05T16:43:09+00:00","breadcrumb":{"@id":"https:\/\/lauraceramik.com\/es\/producto\/talleres-de-cohesion-y-creatividad-con-arcilla-ceramica\/#breadcrumb"},"inLanguage":"es","potentialAction":[{"@type":"ReadAction","target":["https:\/\/lauraceramik.com\/es\/producto\/talleres-de-cohesion-y-creatividad-con-arcilla-ceramica\/"]}]},{"@type":"ImageObject","inLanguage":"es","@id":"https:\/\/lauraceramik.com\/es\/producto\/talleres-de-cohesion-y-creatividad-con-arcilla-ceramica\/#primaryimage","url":"https:\/\/lauraceramik.com\/wp-content\/uploads\/2025\/03\/taller-empreses-web.jpg","contentUrl":"https:\/\/lauraceramik.com\/wp-content\/uploads\/2025\/03\/taller-empreses-web.jpg","width":980,"height":980},{"@type":"BreadcrumbList","@id":"https:\/\/lauraceramik.com\/es\/producto\/talleres-de-cohesion-y-creatividad-con-arcilla-ceramica\/#breadcrumb","itemListElement":[{"@type":"ListItem","position":1,"name":"Portada","item":"https:\/\/lauraceramik.com\/es\/"},{"@type":"ListItem","position":2,"name":"Talleres de cohesi\u00f3n y creatividad con arcilla cer\u00e1mica"}]},{"@type":"WebSite","@id":"https:\/\/lauraceramik.com\/es\/#website","url":"https:\/\/lauraceramik.com\/es\/","name":"LauraCeramik","description":"P\u00e0gina web de ceramica art\u00edstica i escultoria de Laura Niub\u00f3. Barcelona","potentialAction":[{"@type":"SearchAction","target":{"@type":"EntryPoint","urlTemplate":"https:\/\/lauraceramik.com\/es\/?s={search_term_string}"},"query-input":{"@type":"PropertyValueSpecification","valueRequired":true,"valueName":"search_term_string"}}],"inLanguage":"es"}]}},"_links":{"self":[{"href":"https:\/\/lauraceramik.com\/es\/wp-json\/wp\/v2\/product\/16454","targetHints":{"allow":["GET"]}}],"collection":[{"href":"https:\/\/lauraceramik.com\/es\/wp-json\/wp\/v2\/product"}],"about":[{"href":"https:\/\/lauraceramik.com\/es\/wp-json\/wp\/v2\/types\/product"}],"wp:featuredmedia":[{"embeddable":true,"href":"https:\/\/lauraceramik.com\/es\/wp-json\/wp\/v2\/media\/16453"}],"wp:attachment":[{"href":"https:\/\/lauraceramik.com\/es\/wp-json\/wp\/v2\/media?parent=16454"}],"wp:term":[{"taxonomy":"product_brand","embeddable":true,"href":"https:\/\/lauraceramik.com\/es\/wp-json\/wp\/v2\/product_brand?post=16454"},{"taxonomy":"product_cat","embeddable":true,"href":"https:\/\/lauraceramik.com\/es\/wp-json\/wp\/v2\/product_cat?post=16454"},{"taxonomy":"product_tag","embeddable":true,"href":"https:\/\/lauraceramik.com\/es\/wp-json\/wp\/v2\/product_tag?post=16454"}],"curies":[{"name":"wp","href":"https:\/\/api.w.org\/{rel}","templated":true}]}}

Talleres de cohesión y creatividad con arcilla cerámica

<p><strong>Transforma tu equipo a través del arte y la colaboración. </strong>Quieres mejorar la cohesión y la comunicación de tu equipo? Buscas una experiencia diferente, creativa y enriquecedora para tu empresa? A través de la cerámica i la arcilla, ofrecemos talleres diseñados para fortalecer vínculos, estimular la creatividad y potenciar el trabajo en equipo en un ambiente distendido e inspirador.</p>
<p><a href="https://lauraceramik.com/es/contacto" target="_blank" rel="noopener">Para más información aquí</a></p>

<p>Transforma tu equipo a través del arte y la colaboración. Quieres mejorar la cohesión y la comunicación de tu equipo? Buscas una experiencia diferente, creativa y enriquecedora para tu empresa? A través de la cerámica i la arcilla, ofrecemos talleres diseñados para fortalecer vínculos, estimular la creatividad y potenciar el trabajo en equipo en un [&hellip;]</p>

<!-- This site is optimized with the Yoast SEO plugin v26.8 - https://yoast.com/product/yoast-seo-wordpress/ -->
<title>Talleres de cohesión y creatividad con arcilla cerámica - LauraCeramik</title>
<meta name="robots" content="index, follow, max-snippet:-1, max-image-preview:large, max-video-preview:-1" />
<link rel="canonical" href="https://lauraceramik.com/es/producto/talleres-de-cohesion-y-creatividad-con-arcilla-ceramica/" />
<meta property="og:locale" content="es_ES" />
<meta property="og:type" content="article" />
<meta property="og:title" content="Talleres de cohesión y creatividad con arcilla cerámica - LauraCeramik" />
<meta property="og:description" content="Transforma tu equipo a través del arte y la colaboración. Quieres mejorar la cohesión y la comunicación de tu equipo? Buscas una experiencia diferente, creativa y enriquecedora para tu empresa? A través de la cerámica i la arcilla, ofrecemos talleres diseñados para fortalecer vínculos, estimular la creatividad y potenciar el trabajo en equipo en un [&hellip;]" />
<meta property="og:url" content="https://lauraceramik.com/es/producto/talleres-de-cohesion-y-creatividad-con-arcilla-ceramica/" />
<meta property="og:site_name" content="LauraCeramik" />
<meta property="article:modified_time" content="2025-03-05T16:43:09+00:00" />
<meta property="og:image" content="http://lauraceramik.com/wp-content/uploads/2025/03/taller-empreses-web.jpg" />
	<meta property="og:image:width" content="980" />
	<meta property="og:image:height" content="980" />
	<meta property="og:image:type" content="image/jpeg" />
<meta name="twitter:card" content="summary_large_image" />
<meta name="twitter:label1" content="Tiempo de lectura" />
	<meta name="twitter:data1" content="1 minuto" />
<script type="application/ld+json" class="yoast-schema-graph">{"@context":"https://schema.org","@graph":[{"@type":"WebPage","@id":"https://lauraceramik.com/es/producto/talleres-de-cohesion-y-creatividad-con-arcilla-ceramica/","url":"https://lauraceramik.com/es/producto/talleres-de-cohesion-y-creatividad-con-arcilla-ceramica/","name":"Talleres de cohesión y creatividad con arcilla cerámica - LauraCeramik","isPartOf":{"@id":"https://lauraceramik.com/es/#website"},"primaryImageOfPage":{"@id":"https://lauraceramik.com/es/producto/talleres-de-cohesion-y-creatividad-con-arcilla-ceramica/#primaryimage"},"image":{"@id":"https://lauraceramik.com/es/producto/talleres-de-cohesion-y-creatividad-con-arcilla-ceramica/#primaryimage"},"thumbnailUrl":"https://lauraceramik.com/wp-content/uploads/2025/03/taller-empreses-web.jpg","datePublished":"2025-03-05T16:06:38+00:00","dateModified":"2025-03-05T16:43:09+00:00","breadcrumb":{"@id":"https://lauraceramik.com/es/producto/talleres-de-cohesion-y-creatividad-con-arcilla-ceramica/#breadcrumb"},"inLanguage":"es","potentialAction":[{"@type":"ReadAction","target":["https://lauraceramik.com/es/producto/talleres-de-cohesion-y-creatividad-con-arcilla-ceramica/"]}]},{"@type":"ImageObject","inLanguage":"es","@id":"https://lauraceramik.com/es/producto/talleres-de-cohesion-y-creatividad-con-arcilla-ceramica/#primaryimage","url":"https://lauraceramik.com/wp-content/uploads/2025/03/taller-empreses-web.jpg","contentUrl":"https://lauraceramik.com/wp-content/uploads/2025/03/taller-empreses-web.jpg","width":980,"height":980},{"@type":"BreadcrumbList","@id":"https://lauraceramik.com/es/producto/talleres-de-cohesion-y-creatividad-con-arcilla-ceramica/#breadcrumb","itemListElement":[{"@type":"ListItem","position":1,"name":"Portada","item":"https://lauraceramik.com/es/"},{"@type":"ListItem","position":2,"name":"Talleres de cohesión y creatividad con arcilla cerámica"}]},{"@type":"WebSite","@id":"https://lauraceramik.com/es/#website","url":"https://lauraceramik.com/es/","name":"LauraCeramik","description":"Pàgina web de ceramica artística i escultoria de Laura Niubó. Barcelona","potentialAction":[{"@type":"SearchAction","target":{"@type":"EntryPoint","urlTemplate":"https://lauraceramik.com/es/?s={search_term_string}"},"query-input":{"@type":"PropertyValueSpecification","valueRequired":true,"valueName":"search_term_string"}}],"inLanguage":"es"}]}</script>
<!-- / Yoast SEO plugin. -->

Talleres de cohesión y creatividad con arcilla cerámica - LauraCeramik

Transforma tu equipo a través del arte y la colaboración. Quieres mejorar la cohesión y la comunicación de tu equipo? Buscas una experiencia diferente, creativa y enriquecedora para tu empresa? A través de la cerámica i la arcilla, ofrecemos talleres diseñados para fortalecer vínculos, estimular la creatividad y potenciar el trabajo en equipo en un [&hellip;]

Pàgina web de ceramica artística i escultoria de Laura Niubó. Barcelona
